{"id":33,"date":"2015-01-09T17:30:13","date_gmt":"2015-01-09T19:30:13","guid":{"rendered":"http:\/\/cordobezaguirre.com\/sitio\/?page_id=33"},"modified":"2015-01-09T17:30:13","modified_gmt":"2015-01-09T19:30:13","slug":"plan-cobertura","status":"publish","type":"page","link":"https:\/\/cordobezaguirre.com\/sitio\/plan-cobertura\/","title":{"rendered":"Plan Cobertura"},"content":{"rendered":"<h2>Objetivo<\/h2>\n<p>Conociendo las necesidades de la gente el objetivo es dar una soluci\u00f3n integral a la presentaci\u00f3n de un servicio f\u00fanebre.<\/p>\n<h2>Cobertura<\/h2>\n<p>En nuestro plan la cuota no var\u00eda con la edad, sino que cada a\u00f1o, en el mes de enero se actualiza por el costo de vida.\u00a0Para grupos familiares integrados por 3 o m\u00e1s personas contar\u00e1 con un 10% de descuento sobre la tarifa de cada uno de los integrantes. Tambi\u00e9n hay descuentos acumulables para afiliados a CETI y\/o Previsora Colonia.<\/p>\n<h2>Algunos beneficios<\/h2>\n<ul>\n<li><strong>Municipales:<\/strong> Incluye la totalidad de los tributos para sepultura.<\/li>\n<li><strong>Traslados:<\/strong> Traslado del fallecido desde cualquier punto del pa\u00eds a nuestro complejo velatorio.<\/li>\n<li><strong>Florer\u00eda:<\/strong> Ofrenda floral \u00abpalma\u00bb de flores naturales y una docena y media de claveles o similar para arreglo del ata\u00fad.<\/li>\n<li><strong>Documentaci\u00f3n:<\/strong> Partidas de defunci\u00f3n, nacimiento y matrimonio para tr\u00e1mites de subsidio y pensi\u00f3n.<\/li>\n<\/ul>\n<p>Consulte m\u00e1s beneficios del Plan Cobertura.<\/p>\n","protected":false},"excerpt":{"rendered":"<p>Objetivo Conociendo las necesidades de la gente el objetivo es dar una soluci\u00f3n integral a la presentaci\u00f3n de un servicio f\u00fanebre. Cobertura En nuestro plan la cuota no var\u00eda con la edad, sino que cada a\u00f1o, en el mes de enero se actualiza por el costo de vida.\u00a0Para grupos familiares integrados por 3 o m\u00e1s [&hellip;]<\/p>\n","protected":false},"author":1,"featured_media":0,"parent":0,"menu_order":0,"comment_status":"closed","ping_status":"closed","template":"","meta":{"footnotes":""},"aioseo_notices":[],"_links":{"self":[{"href":"https:\/\/cordobezaguirre.com\/sitio\/wp-json\/wp\/v2\/pages\/33"}],"collection":[{"href":"https:\/\/cordobezaguirre.com\/sitio\/wp-json\/wp\/v2\/pages"}],"about":[{"href":"https:\/\/cordobezaguirre.com\/sitio\/wp-json\/wp\/v2\/types\/page"}],"author":[{"embeddable":true,"href":"https:\/\/cordobezaguirre.com\/sitio\/wp-json\/wp\/v2\/users\/1"}],"replies":[{"embeddable":true,"href":"https:\/\/cordobezaguirre.com\/sitio\/wp-json\/wp\/v2\/comments?post=33"}],"version-history":[{"count":1,"href":"https:\/\/cordobezaguirre.com\/sitio\/wp-json\/wp\/v2\/pages\/33\/revisions"}],"predecessor-version":[{"id":34,"href":"https:\/\/cordobezaguirre.com\/sitio\/wp-json\/wp\/v2\/pages\/33\/revisions\/34"}],"wp:attachment":[{"href":"https:\/\/cordobezaguirre.com\/sitio\/wp-json\/wp\/v2\/media?parent=33"}],"curies":[{"name":"wp","href":"https:\/\/api.w.org\/{rel}","templated":true}]}}